{"id":48,"date":"2022-11-12T16:32:13","date_gmt":"2022-11-12T15:32:13","guid":{"rendered":"http:\/\/glenverness.de\/2020\/?page_id=48"},"modified":"2024-07-29T17:30:06","modified_gmt":"2024-07-29T15:30:06","slug":"vernische-clans","status":"publish","type":"page","link":"http:\/\/glenverness.de\/2020\/society\/vernische-clans\/","title":{"rendered":"Vernische Clans"},"content":{"rendered":"\n<p>Die Gesellschaft der vernischen Inseln gliedert sich in Familienverb\u00e4nde, die Clans. An der Spitze eines Clans steht der Chief, dessen Amt und Titeln an den \u00e4ltesten m\u00e4nnlichen Nachkommen weitergegeben werden. Der Chief ist oberster Richter bei Streitigkeiten innerhalb des Clans. Jeder Clan f\u00fchrt als Zeichen seiner Zusammengeh\u00f6rigkeit einen bestimmten Tartan. Sie bilden mehr oder weniger eine Parallelgesellschaft im Ryal Realm. Ihnen steht in bestimmten Rechtsbereichen des allt\u00e4glichen Lebens die Kompetenz zu, eigene Vorschriften zu erlassen, welche dann f\u00fcr die jeweiligen Clanmitglieder gelten. Den Clans steht es frei, Entscheidungen in folgenden Rechtsbereichen f\u00fcr ihre Mitglieder zu erlassen: 1.) Personenstands-\/Eheangelegenheiten, 2.) Regelungen bez\u00fcglich Grund- und Boden, Wegerecht, 3.) Waffenrecht, 4.) Aus- und Schulbildung, 5.) Strafrecht bei Delikten, welche nicht mit einer Haftstrafe geahndet werden und 6.) Gerichtsbarkeit bei Nachbarschaftsstreitigkeiten.<\/p>\n\n\n\n<h2 class=\"wp-block-heading\">Roll o Clans:<\/h2>\n\n\n\n<figure class=\"wp-block-gallery has-nested-images columns-4 is-cropped wp-block-gallery-1 is-layout-flex\">\n<figure class=\"wp-block-image size-large\"><img decoding=\"async\" loading=\"lazy\" width=\"125\" height=\"125\" data-id=\"51\"  src=\"http:\/\/glenverness.de\/2020\/wp-content\/uploads\/2022\/11\/macsterling_tartan-1.png\" alt=\"\" class=\"wp-image-51\"\/><figcaption class=\"wp-element-caption\">MacSteling<\/figcaption><\/figure>\n\n\n\n<figure class=\"wp-block-image size-large\"><img decoding=\"async\" loading=\"lazy\" width=\"125\" height=\"125\" data-id=\"53\"  src=\"http:\/\/glenverness.de\/2020\/wp-content\/uploads\/2022\/11\/macergyll_tartan.png\" alt=\"\" class=\"wp-image-53\"\/><figcaption class=\"wp-element-caption\">MacErgyll<\/figcaption><\/figure>\n\n\n\n<figure class=\"wp-block-image size-large\"><img decoding=\"async\" loading=\"lazy\" width=\"125\" height=\"125\" data-id=\"52\"  src=\"http:\/\/glenverness.de\/2020\/wp-content\/uploads\/2022\/11\/macwallace_tartan.png\" alt=\"\" class=\"wp-image-52\"\/><figcaption class=\"wp-element-caption\">MacWallace<\/figcaption><\/figure>\n\n\n\n<figure class=\"wp-block-image size-large\"><img decoding=\"async\" loading=\"lazy\" width=\"125\" height=\"125\" data-id=\"54\"  src=\"http:\/\/glenverness.de\/2020\/wp-content\/uploads\/2022\/11\/macfellowton_tartan.png\" alt=\"\" class=\"wp-image-54\"\/><figcaption class=\"wp-element-caption\">MacFellowton<\/figcaption><\/figure>\n\n\n\n<figure class=\"wp-block-image size-large\"><img decoding=\"async\" loading=\"lazy\" width=\"125\" height=\"125\" data-id=\"55\"  src=\"http:\/\/glenverness.de\/2020\/wp-content\/uploads\/2022\/11\/maclodry_tartan.png\" alt=\"\" class=\"wp-image-55\"\/><figcaption class=\"wp-element-caption\">MacLodry<\/figcaption><\/figure>\n\n\n\n<figure class=\"wp-block-image size-large\"><img decoding=\"async\" loading=\"lazy\" width=\"125\" height=\"125\" data-id=\"56\"  src=\"http:\/\/glenverness.de\/2020\/wp-content\/uploads\/2022\/11\/macthreepwood_tartan.png\" alt=\"\" class=\"wp-image-56\"\/><figcaption class=\"wp-element-caption\">MacThreepwood<\/figcaption><\/figure>\n\n\n\n<figure class=\"wp-block-image size-full\"><img decoding=\"async\" loading=\"lazy\" width=\"125\" height=\"125\" data-id=\"283\"  src=\"http:\/\/glenverness.de\/2020\/wp-content\/uploads\/2024\/07\/macsmertae_tartan.png\" alt=\"\" class=\"wp-image-283\"\/><figcaption class=\"wp-element-caption\">MacSmertae<\/figcaption><\/figure>\n\n\n\n<figure class=\"wp-block-image size-full\"><img decoding=\"async\" loading=\"lazy\" width=\"857\" height=\"680\" data-id=\"286\"  src=\"http:\/\/glenverness.de\/2020\/wp-content\/uploads\/2024\/07\/AAAA_tartan.jpg\" alt=\"\" class=\"wp-image-286\" srcset=\"http:\/\/glenverness.de\/2020\/wp-content\/uploads\/2024\/07\/AAAA_tartan.jpg 857w, http:\/\/glenverness.de\/2020\/wp-content\/uploads\/2024\/07\/AAAA_tartan-300x238.jpg 300w, http:\/\/glenverness.de\/2020\/wp-content\/uploads\/2024\/07\/AAAA_tartan-768x609.jpg 768w, http:\/\/glenverness.de\/2020\/wp-content\/uploads\/2024\/07\/AAAA_tartan-676x536.jpg 676w\" sizes=\"(max-width: 857px) 100vw, 857px\" \/><figcaption class=\"wp-element-caption\">&#8230;<\/figcaption><\/figure>\n<\/figure>\n","protected":false},"excerpt":{"rendered":"<p>Die Gesellschaft der vernischen Inseln gliedert sich in Familienverb\u00e4nde, die Clans. An der Spitze eines Clans steht der Chief, dessen Amt und Titeln an den \u00e4ltesten m\u00e4nnlichen Nachkommen weitergegeben werden. Der Chief ist oberster Richter bei Streitigkeiten innerhalb des Clans. Jeder Clan f\u00fchrt als Zeichen seiner Zusammengeh\u00f6rigkeit einen bestimmten Tartan. Sie bilden mehr oder weniger [&hellip;]<\/p>\n","protected":false},"author":1,"featured_media":49,"parent":40,"menu_order":2,"comment_status":"closed","ping_status":"closed","template":"","meta":[],"_links":{"self":[{"href":"http:\/\/glenverness.de\/2020\/wp-json\/wp\/v2\/pages\/48"}],"collection":[{"href":"http:\/\/glenverness.de\/2020\/wp-json\/wp\/v2\/pages"}],"about":[{"href":"http:\/\/glenverness.de\/2020\/wp-json\/wp\/v2\/types\/page"}],"author":[{"embeddable":true,"href":"http:\/\/glenverness.de\/2020\/wp-json\/wp\/v2\/users\/1"}],"replies":[{"embeddable":true,"href":"http:\/\/glenverness.de\/2020\/wp-json\/wp\/v2\/comments?post=48"}],"version-history":[{"count":5,"href":"http:\/\/glenverness.de\/2020\/wp-json\/wp\/v2\/pages\/48\/revisions"}],"predecessor-version":[{"id":287,"href":"http:\/\/glenverness.de\/2020\/wp-json\/wp\/v2\/pages\/48\/revisions\/287"}],"up":[{"embeddable":true,"href":"http:\/\/glenverness.de\/2020\/wp-json\/wp\/v2\/pages\/40"}],"wp:featuredmedia":[{"embeddable":true,"href":"http:\/\/glenverness.de\/2020\/wp-json\/wp\/v2\/media\/49"}],"wp:attachment":[{"href":"http:\/\/glenverness.de\/2020\/wp-json\/wp\/v2\/media?parent=48"}],"curies":[{"name":"wp","href":"https:\/\/api.w.org\/{rel}","templated":true}]}}

<p>Die Gesellschaft der vernischen Inseln gliedert sich in Familienverbände, die Clans. An der Spitze eines Clans steht der Chief, dessen Amt und Titeln an den ältesten männlichen Nachkommen weitergegeben werden. Der Chief ist oberster Richter bei Streitigkeiten innerhalb des Clans. Jeder Clan führt als Zeichen seiner Zusammengehörigkeit einen bestimmten Tartan. Sie bilden mehr oder weniger eine Parallelgesellschaft im Ryal Realm. Ihnen steht in bestimmten Rechtsbereichen des alltäglichen Lebens die Kompetenz zu, eigene Vorschriften zu erlassen, welche dann für die jeweiligen Clanmitglieder gelten. Den Clans steht es frei, Entscheidungen in folgenden Rechtsbereichen für ihre Mitglieder zu erlassen: 1.) Personenstands-/Eheangelegenheiten, 2.) Regelungen bezüglich Grund- und Boden, Wegerecht, 3.) Waffenrecht, 4.) Aus- und Schulbildung, 5.) Strafrecht bei Delikten, welche nicht mit einer Haftstrafe geahndet werden und 6.) Gerichtsbarkeit bei Nachbarschaftsstreitigkeiten.</p>



<h2 class="wp-block-heading">Roll o Clans:</h2>



<figure class="wp-block-gallery has-nested-images columns-4 is-cropped wp-block-gallery-1 is-layout-flex">
<figure class="wp-block-image size-large"><img decoding="async" loading="lazy" width="125" height="125" data-id="51"  src="http://glenverness.de/2020/wp-content/uploads/2022/11/macsterling_tartan-1.png" alt="" class="wp-image-51"/><figcaption class="wp-element-caption">MacSteling</figcaption></figure>



<figure class="wp-block-image size-large"><img decoding="async" loading="lazy" width="125" height="125" data-id="53"  src="http://glenverness.de/2020/wp-content/uploads/2022/11/macergyll_tartan.png" alt="" class="wp-image-53"/><figcaption class="wp-element-caption">MacErgyll</figcaption></figure>



<figure class="wp-block-image size-large"><img decoding="async" loading="lazy" width="125" height="125" data-id="52"  src="http://glenverness.de/2020/wp-content/uploads/2022/11/macwallace_tartan.png" alt="" class="wp-image-52"/><figcaption class="wp-element-caption">MacWallace</figcaption></figure>



<figure class="wp-block-image size-large"><img decoding="async" loading="lazy" width="125" height="125" data-id="54"  src="http://glenverness.de/2020/wp-content/uploads/2022/11/macfellowton_tartan.png" alt="" class="wp-image-54"/><figcaption class="wp-element-caption">MacFellowton</figcaption></figure>



<figure class="wp-block-image size-large"><img decoding="async" loading="lazy" width="125" height="125" data-id="55"  src="http://glenverness.de/2020/wp-content/uploads/2022/11/maclodry_tartan.png" alt="" class="wp-image-55"/><figcaption class="wp-element-caption">MacLodry</figcaption></figure>



<figure class="wp-block-image size-large"><img decoding="async" loading="lazy" width="125" height="125" data-id="56"  src="http://glenverness.de/2020/wp-content/uploads/2022/11/macthreepwood_tartan.png" alt="" class="wp-image-56"/><figcaption class="wp-element-caption">MacThreepwood</figcaption></figure>



<figure class="wp-block-image size-full"><img decoding="async" loading="lazy" width="125" height="125" data-id="283"  src="http://glenverness.de/2020/wp-content/uploads/2024/07/macsmertae_tartan.png" alt="" class="wp-image-283"/><figcaption class="wp-element-caption">MacSmertae</figcaption></figure>



<figure class="wp-block-image size-full"><img decoding="async" loading="lazy" width="857" height="680" data-id="286"  src="http://glenverness.de/2020/wp-content/uploads/2024/07/AAAA_tartan.jpg" alt="" class="wp-image-286" srcset="http://glenverness.de/2020/wp-content/uploads/2024/07/AAAA_tartan.jpg 857w, http://glenverness.de/2020/wp-content/uploads/2024/07/AAAA_tartan-300x238.jpg 300w, http://glenverness.de/2020/wp-content/uploads/2024/07/AAAA_tartan-768x609.jpg 768w, http://glenverness.de/2020/wp-content/uploads/2024/07/AAAA_tartan-676x536.jpg 676w" sizes="(max-width: 857px) 100vw, 857px" /><figcaption class="wp-element-caption">&#8230;</figcaption></figure>
</figure>

<p>Die Gesellschaft der vernischen Inseln gliedert sich in Familienverbände, die Clans. An der Spitze eines Clans steht der Chief, dessen Amt und Titeln an den ältesten männlichen Nachkommen weitergegeben werden. Der Chief ist oberster Richter bei Streitigkeiten innerhalb des Clans. Jeder Clan führt als Zeichen seiner Zusammengehörigkeit einen bestimmten Tartan. Sie bilden mehr oder weniger [&hellip;]</p>
