{"id":20,"date":"2022-11-12T10:52:40","date_gmt":"2022-11-12T09:52:40","guid":{"rendered":"http:\/\/glenverness.de\/2020\/?page_id=20"},"modified":"2022-11-12T16:21:45","modified_gmt":"2022-11-12T15:21:45","slug":"clans-heich-commission","status":"publish","type":"page","link":"http:\/\/glenverness.de\/2020\/politics\/clans-heich-commission\/","title":{"rendered":"Clans&#8216; Heich Commission"},"content":{"rendered":"\n<p>Repr\u00e4sentativorgan aller Clans im Ryal Realm ist die Clans&#8216; Heich Commission mit Sitz in Sterling, wobei jeder Clan durch einen intern bestimmten Commissioner vertreten wird. Ihr obliegt die Beschlussfassung zu clan\u00fcbergreifender Regelungen, die Rechtsprechung bei Auseinanderstzungen zwischen Angeh\u00f6rigen unterschiedlicher Clans, das Recht Antr\u00e4ge in das Hoose o Peers einzubringen, das Recht Beschl\u00fcsse des Hoose o Peers abzulehnen; in diesem Fall bedarf es eines erneuten Beschlusses des Hoose, f\u00fcr den eine 2\/3-Mehrheit notwendig ist sowie das Recht einen neuen Tr\u00e4ger der vernischen Krone einzusetzen, sollte der Monarch zum Schaden des Ryal Realms handeln.<\/p>\n","protected":false},"excerpt":{"rendered":"<p>Repr\u00e4sentativorgan aller Clans im Ryal Realm ist die Clans&#8216; Heich Commission mit Sitz in Sterling, wobei jeder Clan durch einen intern bestimmten Commissioner vertreten wird. Ihr obliegt die Beschlussfassung zu clan\u00fcbergreifender Regelungen, die Rechtsprechung bei Auseinanderstzungen zwischen Angeh\u00f6rigen unterschiedlicher Clans, das Recht Antr\u00e4ge in das Hoose o Peers einzubringen, das Recht Beschl\u00fcsse des Hoose o [&hellip;]<\/p>\n","protected":false},"author":1,"featured_media":21,"parent":17,"menu_order":4,"comment_status":"closed","ping_status":"closed","template":"","meta":[],"_links":{"self":[{"href":"http:\/\/glenverness.de\/2020\/wp-json\/wp\/v2\/pages\/20"}],"collection":[{"href":"http:\/\/glenverness.de\/2020\/wp-json\/wp\/v2\/pages"}],"about":[{"href":"http:\/\/glenverness.de\/2020\/wp-json\/wp\/v2\/types\/page"}],"author":[{"embeddable":true,"href":"http:\/\/glenverness.de\/2020\/wp-json\/wp\/v2\/users\/1"}],"replies":[{"embeddable":true,"href":"http:\/\/glenverness.de\/2020\/wp-json\/wp\/v2\/comments?post=20"}],"version-history":[{"count":2,"href":"http:\/\/glenverness.de\/2020\/wp-json\/wp\/v2\/pages\/20\/revisions"}],"predecessor-version":[{"id":23,"href":"http:\/\/glenverness.de\/2020\/wp-json\/wp\/v2\/pages\/20\/revisions\/23"}],"up":[{"embeddable":true,"href":"http:\/\/glenverness.de\/2020\/wp-json\/wp\/v2\/pages\/17"}],"wp:featuredmedia":[{"embeddable":true,"href":"http:\/\/glenverness.de\/2020\/wp-json\/wp\/v2\/media\/21"}],"wp:attachment":[{"href":"http:\/\/glenverness.de\/2020\/wp-json\/wp\/v2\/media?parent=20"}],"curies":[{"name":"wp","href":"https:\/\/api.w.org\/{rel}","templated":true}]}}