{"id":186,"date":"2022-11-12T22:25:58","date_gmt":"2022-11-12T21:25:58","guid":{"rendered":"http:\/\/glenverness.de\/2020\/?page_id=186"},"modified":"2022-11-12T22:25:58","modified_gmt":"2022-11-12T21:25:58","slug":"loch-auldermore","status":"publish","type":"page","link":"http:\/\/glenverness.de\/2020\/kintra\/geography\/loch-auldermore\/","title":{"rendered":"Loch Auldermore"},"content":{"rendered":"\n<p>Der Loch Auldermore ist ein See s\u00fcd\u00f6stlich von Aulderness in den sogenannten Vernischen Midlands. Er liegt in der Grafschaft Auldernesshire n\u00f6rdlich des Ortes Auldermore und gilt als der sch\u00f6nste See im Royal Realm. Der See ist mit einer Fl\u00e4che von etwa 56 km\u00b2 der gr\u00f6\u00dfte See der vernischen Inseln. Er erstreckt sich in Ost-West-Richtung \u00fcber eine L\u00e4nge von 29 Kilometern, ist bis zu zehn Kilometer breit und bis zu 190 m tief. Der See wird durch den River Thyme durchflossen, bevor dieser im Norden der Insel Verness ins Meer m\u00fcndet. Am belebten S\u00fcdufer f\u00fchrt eine Fernstra\u00dfe von Aulderness nach Wemblingham entland. F\u00fcr Radfahrer verl\u00e4uft an diesem Ufer au\u00dferdem der etwa 28 Kilometer lange Auldermore Cycle Path. Das gegen\u00fcber liegende ruhigere Nordufer ist dicht bewaldet; l\u00e4ngs des Ufers verl\u00e4uft der North Auldermore Way, eine popul\u00e4re Wanderstrecke, die \u00fcber 154 Kilometer am River Thyme entlang f\u00fchrt. W\u00e4hrend der Sommersaison gibt es zudem eine kleine F\u00e4hre von Auldermore ans Nordufer. Der Loch Auldermore hat, je nach Wasserstand, zwischen 10 und 20 Inseln verschiedenster Gr\u00f6\u00dfe. Einige davon befinden sich in Privatbesitz, die anderen dienen als Naturreservate.<\/p>\n","protected":false},"excerpt":{"rendered":"<p>Der Loch Auldermore ist ein See s\u00fcd\u00f6stlich von Aulderness in den sogenannten Vernischen Midlands. Er liegt in der Grafschaft Auldernesshire n\u00f6rdlich des Ortes Auldermore und gilt als der sch\u00f6nste See im Royal Realm. Der See ist mit einer Fl\u00e4che von etwa 56 km\u00b2 der gr\u00f6\u00dfte See der vernischen Inseln. Er erstreckt sich in Ost-West-Richtung \u00fcber [&hellip;]<\/p>\n","protected":false},"author":1,"featured_media":0,"parent":166,"menu_order":3,"comment_status":"closed","ping_status":"closed","template":"","meta":[],"_links":{"self":[{"href":"http:\/\/glenverness.de\/2020\/wp-json\/wp\/v2\/pages\/186"}],"collection":[{"href":"http:\/\/glenverness.de\/2020\/wp-json\/wp\/v2\/pages"}],"about":[{"href":"http:\/\/glenverness.de\/2020\/wp-json\/wp\/v2\/types\/page"}],"author":[{"embeddable":true,"href":"http:\/\/glenverness.de\/2020\/wp-json\/wp\/v2\/users\/1"}],"replies":[{"embeddable":true,"href":"http:\/\/glenverness.de\/2020\/wp-json\/wp\/v2\/comments?post=186"}],"version-history":[{"count":1,"href":"http:\/\/glenverness.de\/2020\/wp-json\/wp\/v2\/pages\/186\/revisions"}],"predecessor-version":[{"id":187,"href":"http:\/\/glenverness.de\/2020\/wp-json\/wp\/v2\/pages\/186\/revisions\/187"}],"up":[{"embeddable":true,"href":"http:\/\/glenverness.de\/2020\/wp-json\/wp\/v2\/pages\/166"}],"wp:attachment":[{"href":"http:\/\/glenverness.de\/2020\/wp-json\/wp\/v2\/media?parent=186"}],"curies":[{"name":"wp","href":"https:\/\/api.w.org\/{rel}","templated":true}]}}

<p>Der Loch Auldermore ist ein See südöstlich von Aulderness in den sogenannten Vernischen Midlands. Er liegt in der Grafschaft Auldernesshire nördlich des Ortes Auldermore und gilt als der schönste See im Royal Realm. Der See ist mit einer Fläche von etwa 56 km² der größte See der vernischen Inseln. Er erstreckt sich in Ost-West-Richtung über eine Länge von 29 Kilometern, ist bis zu zehn Kilometer breit und bis zu 190 m tief. Der See wird durch den River Thyme durchflossen, bevor dieser im Norden der Insel Verness ins Meer mündet. Am belebten Südufer führt eine Fernstraße von Aulderness nach Wemblingham entland. Für Radfahrer verläuft an diesem Ufer außerdem der etwa 28 Kilometer lange Auldermore Cycle Path. Das gegenüber liegende ruhigere Nordufer ist dicht bewaldet; längs des Ufers verläuft der North Auldermore Way, eine populäre Wanderstrecke, die über 154 Kilometer am River Thyme entlang führt. Während der Sommersaison gibt es zudem eine kleine Fähre von Auldermore ans Nordufer. Der Loch Auldermore hat, je nach Wasserstand, zwischen 10 und 20 Inseln verschiedenster Größe. Einige davon befinden sich in Privatbesitz, die anderen dienen als Naturreservate.</p>

<p>Der Loch Auldermore ist ein See südöstlich von Aulderness in den sogenannten Vernischen Midlands. Er liegt in der Grafschaft Auldernesshire nördlich des Ortes Auldermore und gilt als der schönste See im Royal Realm. Der See ist mit einer Fläche von etwa 56 km² der größte See der vernischen Inseln. Er erstreckt sich in Ost-West-Richtung über [&hellip;]</p>
