{"id":17,"date":"2022-11-12T10:50:23","date_gmt":"2022-11-12T09:50:23","guid":{"rendered":"http:\/\/glenverness.de\/2020\/?page_id=17"},"modified":"2022-11-13T10:29:23","modified_gmt":"2022-11-13T09:29:23","slug":"politics","status":"publish","type":"page","link":"http:\/\/glenverness.de\/2020\/politics\/","title":{"rendered":"Politics"},"content":{"rendered":"\n<p>Zur Hilfe ihrer Regierung beruft die Krone das Privy Cooncil, welchem der First Meinister vorsteht. Er tr\u00e4gt gegen\u00fcber dem Regenten die Verantwortung und versieht die Verwaltung des Landes. Sobald ein First Meinister durch die Krone berufen wurde, bedarf er zum Amtsantritt das Vertrauen des Hoose o Peers. Versagt dieses drei Mal hintereinander das Vertrauensvotum, so kann es mit der Mehrheit seiner Mitglieder einen neuen First Meinister w\u00e4hlen. Auf Vorschlag der Krone, des Privy Cooncils oder einem seiner Mitglieder erl\u00e4\u00dft das Hoose o Peers die grunds\u00e4tzlichen Gesetze (Acts) des Ryal Realms. Die Gesetze treten mit der Proklamation durch den K\u00f6nig in Kraft. Verweigert der K\u00f6nig einem Gesetz die Zustimmung, so bedarf es einem erneuten Beschluss des Hoose o Peers, f\u00fcr den eine 7\/8-Mehrheit notwendig ist. Die Krone kann im Rahmen des Regierungshandelns Verordnungen (Orders) erlassen, welche von dem First Meinister gegengezeichnet werden m\u00fcssen, um G\u00fcltigkeit zu erlangen. Zur Repr\u00e4sentation der Bev\u00f6lkerung im Ryal Realm existiert die Forgaitherin o Glens, deren Mitglieder von allen B\u00fcrgern und Angeh\u00f6rigen der Gentry gew\u00e4hlt werden. Die Mitglieder haben das Recht, Antr\u00e4ge im Hoose of Peers zu stellen. Die Forgaitherin kann zudem mit absoluter Mehrheit den First Meinister o Glenverness von seinem Amt abberufen. Repr\u00e4sentativorgan aller Clans im Ryal Realm ist die Clans&#8216; Heich Commission mit Sitz in Sterling. Ihr obliegt die Beschlussfassung zu clan\u00fcbergreifender Regelungen, die Rechtsprechung bei Auseinanderstzungen zwischen Angeh\u00f6rigen unterschiedlicher Clans, das Recht Antr\u00e4ge in das Hoose o Peers einzubringen, das Recht Beschl\u00fcsse des Hoose o Peers abzulehnen; in diesem Fall bedarf es eines erneuten Beschlusses des Hoose, f\u00fcr den eine 2\/3-Mehrheit notwendig ist sowie das Recht einen neuen Tr\u00e4ger der vernischen Krone einzusetzen, sollte der Monarch zum Schaden des Ryal Realms handeln.<\/p>\n","protected":false},"excerpt":{"rendered":"<p>Zur Hilfe ihrer Regierung beruft die Krone das Privy Cooncil, welchem der First Meinister vorsteht. Er tr\u00e4gt gegen\u00fcber dem Regenten die Verantwortung und versieht die Verwaltung des Landes. Sobald ein First Meinister durch die Krone berufen wurde, bedarf er zum Amtsantritt das Vertrauen des Hoose o Peers. Versagt dieses drei Mal hintereinander das Vertrauensvotum, so [&hellip;]<\/p>\n","protected":false},"author":1,"featured_media":18,"parent":0,"menu_order":3,"comment_status":"closed","ping_status":"closed","template":"","meta":[],"_links":{"self":[{"href":"http:\/\/glenverness.de\/2020\/wp-json\/wp\/v2\/pages\/17"}],"collection":[{"href":"http:\/\/glenverness.de\/2020\/wp-json\/wp\/v2\/pages"}],"about":[{"href":"http:\/\/glenverness.de\/2020\/wp-json\/wp\/v2\/types\/page"}],"author":[{"embeddable":true,"href":"http:\/\/glenverness.de\/2020\/wp-json\/wp\/v2\/users\/1"}],"replies":[{"embeddable":true,"href":"http:\/\/glenverness.de\/2020\/wp-json\/wp\/v2\/comments?post=17"}],"version-history":[{"count":2,"href":"http:\/\/glenverness.de\/2020\/wp-json\/wp\/v2\/pages\/17\/revisions"}],"predecessor-version":[{"id":268,"href":"http:\/\/glenverness.de\/2020\/wp-json\/wp\/v2\/pages\/17\/revisions\/268"}],"wp:featuredmedia":[{"embeddable":true,"href":"http:\/\/glenverness.de\/2020\/wp-json\/wp\/v2\/media\/18"}],"wp:attachment":[{"href":"http:\/\/glenverness.de\/2020\/wp-json\/wp\/v2\/media?parent=17"}],"curies":[{"name":"wp","href":"https:\/\/api.w.org\/{rel}","templated":true}]}}