{"id":141,"date":"2022-11-12T21:57:16","date_gmt":"2022-11-12T20:57:16","guid":{"rendered":"http:\/\/glenverness.de\/2020\/?page_id=141"},"modified":"2022-11-12T21:57:16","modified_gmt":"2022-11-12T20:57:16","slug":"history","status":"publish","type":"page","link":"http:\/\/glenverness.de\/2020\/mathildian-islands\/history\/","title":{"rendered":"History"},"content":{"rendered":"\n<p>Auf Grund fehlender Schriftlichkeit ist die vorkoloniale Zeit noch weitgehend unerforscht. Die vernische Besitznahme der Inseln erfolgte am 11. November 1698 durch Admiral Robert McFurby, Earl o Kildeen im Namen K\u00f6nig Francis&#8216; V. Sie wurden nach Princess Mathilda (der Schwester des K\u00f6nigs) benannt. Nach der Clan-Revolution von 1699 auf den vernischen Inseln wurden die \u00dcberseebesitzungen de facto unabh\u00e4ngig und dem Ryal Realm entfremdet. Von der Welt vergessen fristeten die Inseln lange ein unbemerktes Dasein und hatten sich lediglich einiger Piraten\u00fcberf\u00e4llen aus Novarisch-Westnerica zu erwehren. Eine R\u00fcckerorberung durch Glenverness unter K\u00f6nig Alastair III. scheiterte im Jahre 1891 an mangelnder Verpflegung der Vernsmen.<\/p>\n\n\n\n<p>Unter der Herrschaft Herzogin Mathildas und ihres Sohnes Tupou VI. wurden die Streitkr\u00e4fte der Inseln weiter aufger\u00fcstet und die milit\u00e4rischen F\u00fchrungsschichten nahmen zunehmend Einfluss auf die Politik. B\u00fcrokratie und Vetternwirtschaft fasste nach und nach Fu\u00df auf den Mathildians. Auf Grund eines Milit\u00e4rputsches im August 2012 durch die Gener\u00e4le Vaea Vaka&#8217;uta, Tevita Sevele und Fatafehi Mailefihi rief Erzherzog Tupou VII. das Ryal Realm zur Hilfe, das bei dieser Gelegenheit die Inseln wieder dem vernischen Staatsverband zuf\u00fchrte.<\/p>\n","protected":false},"excerpt":{"rendered":"<p>Auf Grund fehlender Schriftlichkeit ist die vorkoloniale Zeit noch weitgehend unerforscht. Die vernische Besitznahme der Inseln erfolgte am 11. November 1698 durch Admiral Robert McFurby, Earl o Kildeen im Namen K\u00f6nig Francis&#8216; V. Sie wurden nach Princess Mathilda (der Schwester des K\u00f6nigs) benannt. Nach der Clan-Revolution von 1699 auf den vernischen Inseln wurden die \u00dcberseebesitzungen [&hellip;]<\/p>\n","protected":false},"author":1,"featured_media":142,"parent":138,"menu_order":5,"comment_status":"closed","ping_status":"closed","template":"","meta":[],"_links":{"self":[{"href":"http:\/\/glenverness.de\/2020\/wp-json\/wp\/v2\/pages\/141"}],"collection":[{"href":"http:\/\/glenverness.de\/2020\/wp-json\/wp\/v2\/pages"}],"about":[{"href":"http:\/\/glenverness.de\/2020\/wp-json\/wp\/v2\/types\/page"}],"author":[{"embeddable":true,"href":"http:\/\/glenverness.de\/2020\/wp-json\/wp\/v2\/users\/1"}],"replies":[{"embeddable":true,"href":"http:\/\/glenverness.de\/2020\/wp-json\/wp\/v2\/comments?post=141"}],"version-history":[{"count":1,"href":"http:\/\/glenverness.de\/2020\/wp-json\/wp\/v2\/pages\/141\/revisions"}],"predecessor-version":[{"id":143,"href":"http:\/\/glenverness.de\/2020\/wp-json\/wp\/v2\/pages\/141\/revisions\/143"}],"up":[{"embeddable":true,"href":"http:\/\/glenverness.de\/2020\/wp-json\/wp\/v2\/pages\/138"}],"wp:featuredmedia":[{"embeddable":true,"href":"http:\/\/glenverness.de\/2020\/wp-json\/wp\/v2\/media\/142"}],"wp:attachment":[{"href":"http:\/\/glenverness.de\/2020\/wp-json\/wp\/v2\/media?parent=141"}],"curies":[{"name":"wp","href":"https:\/\/api.w.org\/{rel}","templated":true}]}}

<p>Auf Grund fehlender Schriftlichkeit ist die vorkoloniale Zeit noch weitgehend unerforscht. Die vernische Besitznahme der Inseln erfolgte am 11. November 1698 durch Admiral Robert McFurby, Earl o Kildeen im Namen König Francis&#8216; V. Sie wurden nach Princess Mathilda (der Schwester des Königs) benannt. Nach der Clan-Revolution von 1699 auf den vernischen Inseln wurden die Überseebesitzungen de facto unabhängig und dem Ryal Realm entfremdet. Von der Welt vergessen fristeten die Inseln lange ein unbemerktes Dasein und hatten sich lediglich einiger Piratenüberfällen aus Novarisch-Westnerica zu erwehren. Eine Rückerorberung durch Glenverness unter König Alastair III. scheiterte im Jahre 1891 an mangelnder Verpflegung der Vernsmen.</p>



<p>Unter der Herrschaft Herzogin Mathildas und ihres Sohnes Tupou VI. wurden die Streitkräfte der Inseln weiter aufgerüstet und die militärischen Führungsschichten nahmen zunehmend Einfluss auf die Politik. Bürokratie und Vetternwirtschaft fasste nach und nach Fuß auf den Mathildians. Auf Grund eines Militärputsches im August 2012 durch die Generäle Vaea Vaka&#8217;uta, Tevita Sevele und Fatafehi Mailefihi rief Erzherzog Tupou VII. das Ryal Realm zur Hilfe, das bei dieser Gelegenheit die Inseln wieder dem vernischen Staatsverband zuführte.</p>

<p>Auf Grund fehlender Schriftlichkeit ist die vorkoloniale Zeit noch weitgehend unerforscht. Die vernische Besitznahme der Inseln erfolgte am 11. November 1698 durch Admiral Robert McFurby, Earl o Kildeen im Namen König Francis&#8216; V. Sie wurden nach Princess Mathilda (der Schwester des Königs) benannt. Nach der Clan-Revolution von 1699 auf den vernischen Inseln wurden die Überseebesitzungen [&hellip;]</p>
